{"id":2186,"date":"2022-10-13T11:26:10","date_gmt":"2022-10-13T09:26:10","guid":{"rendered":"http:\/\/kaio-experiences.com\/?page_id=2186"},"modified":"2022-10-13T11:26:12","modified_gmt":"2022-10-13T09:26:12","slug":"manifesto","status":"publish","type":"page","link":"https:\/\/kaio-experiences.com\/index.php\/manifesto\/","title":{"rendered":"Manifesto"},"content":{"rendered":"\n<blockquote class=\"wp-block-quote is-layout-flow wp-block-quote-is-layout-flow\"><p><span style=\"color:#fae9ba\" class=\"has-inline-color\">Bienvenue chez Kaio Experiences,\u00a0<\/span><\/p><p><span style=\"color:#fae9ba\" class=\"has-inline-color\">Je cr\u00e9e des s\u00e9jours immersifs dans la nature, et tout ce que j\u2019ai v\u00e9cu et ressenti \u00e0 son contact ainsi qu\u2019au v\u00f4tre, a fait \u00e9cho en moi :\u00a0<em><strong>l\u2019aventure fait sens<\/strong><\/em>.<\/span><\/p><p><span style=\"color:#fae9ba\" class=\"has-inline-color\">C\u2019est aujourd\u2019hui ce que je souhaite partager :\u00a0<strong>une aventure qui a du sens et qui donne du sens.<\/strong><\/span><\/p><p><span style=\"color:#fae9ba\" class=\"has-inline-color\">Les stagiaires Kaio ne trouveront pas seulement un guide \u00e0 leurs c\u00f4t\u00e9s, ils trouveront un\u00a0<strong>\u00e9tat d\u2019esprit<\/strong>, une\u00a0<strong>harmonie<\/strong>\u00a0et une\u00a0<strong>dynamique<\/strong>\u00a0au sein desquelles s\u2019immerger. Le temps d\u2019une aventure, ils pourront se\u00a0<strong>reconnecter<\/strong>\u00a0au monde qui les entoure, aux autres et surtout \u00e0 eux-m\u00eames.<\/span><\/p><p><span style=\"color:#fae9ba\" class=\"has-inline-color\">Accessibles \u00e0 tous, les exp\u00e9ditions, micro-aventures ou encore le bushcraft s\u2019offrent \u00e0 vous comme des chemins vers ces exp\u00e9riences.<\/span><\/p><p><span style=\"color:#fae9ba\" class=\"has-inline-color\">L\u2019aventure c\u2019est une exp\u00e9rience,\u00a0<strong>Humaine<\/strong>.<br>S\u2019immerger. Ressentir. R\u00e9agir. Se d\u00e9passer. Constater. Se tenir en \u00e9veil et vivre cette exp\u00e9rience en son for int\u00e9rieur.<br>On en (re)tirera toujours quelque chose. Au fond de soi, pour soi, pour les autres. L\u2019essence m\u00eame d\u2019\u00eatre humain : s\u2019enrichir du lien avec autrui, faire na\u00eetre en nous une nouvelle fa\u00e7on de concevoir le monde qui nous entoure.<br><em><strong>L\u2019aventure fait sens<\/strong><\/em>.<\/span><\/p><p><span style=\"color:#fae9ba\" class=\"has-inline-color\">L\u2019aventure c\u2019est des exp\u00e9riences,\u00a0<strong>Sensorielles<\/strong>.<br>Voir. Toucher. Entendre. Sentir. Go\u00fbter. Se tenir en \u00e9veil et vivre ces exp\u00e9riences avec notre corps.<br>On se (re)liera \u00e0 la nature. Les arbres, le vent, la terre, l\u2019eau. L\u2019essence m\u00eame d\u2019\u00eatre humain : s\u2019enrichir du lien avec notre environnement, \u00e9voluer avec justesse et harmonie dans le monde qui nous entoure.<br><em><strong>L\u2019aventure fait sens<\/strong><\/em>.<\/span><\/p><p><span style=\"color:#fae9ba\" class=\"has-inline-color\">#kaioexperiences<\/span><span class=\"has-inline-color has-luminous-vivid-amber-color\"><br><\/span><span style=\"color:#f9e5ae\" class=\"has-inline-color\">#laventurefaitsens<\/span><\/p><\/blockquote>\n","protected":false},"excerpt":{"rendered":"<p>Bienvenue chez Kaio Experiences,\u00a0 Je cr\u00e9e des s\u00e9jours immersifs dans la nature, et tout ce que j\u2019ai v\u00e9cu et ressenti \u00e0 son contact ainsi qu\u2019au v\u00f4tre, a fait \u00e9cho en moi :\u00a0l\u2019aventure fait sens. C\u2019est aujourd\u2019hui ce que je souhaite partager :\u00a0une aventure qui a du sens et qui donne du sens. Les stagiaires Kaio [&hellip;]<\/p>\n","protected":false},"author":1,"featured_media":0,"parent":0,"menu_order":0,"comment_status":"closed","ping_status":"closed","template":"","meta":{"_acf_changed":false,"footnotes":""},"class_list":["post-2186","page","type-page","status-publish","hentry"],"acf":[],"yoast_head":"<!-- This site is optimized with the Yoast SEO plugin v26.5 - https:\/\/yoast.com\/wordpress\/plugins\/seo\/ -->\n<title>Manifesto - Kaio Experiences<\/title>\n<meta name=\"robots\" content=\"index, follow, max-snippet:-1, max-image-preview:large, max-video-preview:-1\" \/>\n<link rel=\"canonical\" href=\"https:\/\/kaio-experiences.com\/index.php\/manifesto\/\" \/>\n<meta property=\"og:locale\" content=\"fr_FR\" \/>\n<meta property=\"og:type\" content=\"article\" \/>\n<meta property=\"og:title\" content=\"Manifesto - Kaio Experiences\" \/>\n<meta property=\"og:description\" content=\"Bienvenue chez Kaio Experiences,\u00a0 Je cr\u00e9e des s\u00e9jours immersifs dans la nature, et tout ce que j\u2019ai v\u00e9cu et ressenti \u00e0 son contact ainsi qu\u2019au v\u00f4tre, a fait \u00e9cho en moi :\u00a0l\u2019aventure fait sens. C\u2019est aujourd\u2019hui ce que je souhaite partager :\u00a0une aventure qui a du sens et qui donne du sens. Les stagiaires Kaio [&hellip;]\" \/>\n<meta property=\"og:url\" content=\"https:\/\/kaio-experiences.com\/index.php\/manifesto\/\" \/>\n<meta property=\"og:site_name\" content=\"Kaio Experiences\" \/>\n<meta property=\"article:modified_time\" content=\"2022-10-13T09:26:12+00:00\" \/>\n<meta name=\"twitter:card\" content=\"summary_large_image\" \/>\n<meta name=\"twitter:label1\" content=\"Dur\u00e9e de lecture estim\u00e9e\" \/>\n\t<meta name=\"twitter:data1\" content=\"2 minutes\" \/>\n<script type=\"application\/ld+json\" class=\"yoast-schema-graph\">{\"@context\":\"https:\/\/schema.org\",\"@graph\":[{\"@type\":\"WebPage\",\"@id\":\"https:\/\/kaio-experiences.com\/index.php\/manifesto\/\",\"url\":\"https:\/\/kaio-experiences.com\/index.php\/manifesto\/\",\"name\":\"Manifesto - Kaio Experiences\",\"isPartOf\":{\"@id\":\"https:\/\/kaio-experiences.com\/#website\"},\"datePublished\":\"2022-10-13T09:26:10+00:00\",\"dateModified\":\"2022-10-13T09:26:12+00:00\",\"breadcrumb\":{\"@id\":\"https:\/\/kaio-experiences.com\/index.php\/manifesto\/#breadcrumb\"},\"inLanguage\":\"fr-FR\",\"potentialAction\":[{\"@type\":\"ReadAction\",\"target\":[\"https:\/\/kaio-experiences.com\/index.php\/manifesto\/\"]}]},{\"@type\":\"BreadcrumbList\",\"@id\":\"https:\/\/kaio-experiences.com\/index.php\/manifesto\/#breadcrumb\",\"itemListElement\":[{\"@type\":\"ListItem\",\"position\":1,\"name\":\"Accueil\",\"item\":\"https:\/\/kaio-experiences.com\/\"},{\"@type\":\"ListItem\",\"position\":2,\"name\":\"Manifesto\"}]},{\"@type\":\"WebSite\",\"@id\":\"https:\/\/kaio-experiences.com\/#website\",\"url\":\"https:\/\/kaio-experiences.com\/\",\"name\":\"Kaio Experiences\",\"description\":\"Sp\u00e9cialiste Bushcraft, Stages de survie, reconnexion nature, micro-aventure, exp\u00e9dition.\",\"potentialAction\":[{\"@type\":\"SearchAction\",\"target\":{\"@type\":\"EntryPoint\",\"urlTemplate\":\"https:\/\/kaio-experiences.com\/?s={search_term_string}\"},\"query-input\":{\"@type\":\"PropertyValueSpecification\",\"valueRequired\":true,\"valueName\":\"search_term_string\"}}],\"inLanguage\":\"fr-FR\"}]}<\/script>\n<!-- \/ Yoast SEO plugin. -->","yoast_head_json":{"title":"Manifesto - Kaio Experiences","robots":{"index":"index","follow":"follow","max-snippet":"max-snippet:-1","max-image-preview":"max-image-preview:large","max-video-preview":"max-video-preview:-1"},"canonical":"https:\/\/kaio-experiences.com\/index.php\/manifesto\/","og_locale":"fr_FR","og_type":"article","og_title":"Manifesto - Kaio Experiences","og_description":"Bienvenue chez Kaio Experiences,\u00a0 Je cr\u00e9e des s\u00e9jours immersifs dans la nature, et tout ce que j\u2019ai v\u00e9cu et ressenti \u00e0 son contact ainsi qu\u2019au v\u00f4tre, a fait \u00e9cho en moi :\u00a0l\u2019aventure fait sens. C\u2019est aujourd\u2019hui ce que je souhaite partager :\u00a0une aventure qui a du sens et qui donne du sens. Les stagiaires Kaio [&hellip;]","og_url":"https:\/\/kaio-experiences.com\/index.php\/manifesto\/","og_site_name":"Kaio Experiences","article_modified_time":"2022-10-13T09:26:12+00:00","twitter_card":"summary_large_image","twitter_misc":{"Dur\u00e9e de lecture estim\u00e9e":"2 minutes"},"schema":{"@context":"https:\/\/schema.org","@graph":[{"@type":"WebPage","@id":"https:\/\/kaio-experiences.com\/index.php\/manifesto\/","url":"https:\/\/kaio-experiences.com\/index.php\/manifesto\/","name":"Manifesto - Kaio Experiences","isPartOf":{"@id":"https:\/\/kaio-experiences.com\/#website"},"datePublished":"2022-10-13T09:26:10+00:00","dateModified":"2022-10-13T09:26:12+00:00","breadcrumb":{"@id":"https:\/\/kaio-experiences.com\/index.php\/manifesto\/#breadcrumb"},"inLanguage":"fr-FR","potentialAction":[{"@type":"ReadAction","target":["https:\/\/kaio-experiences.com\/index.php\/manifesto\/"]}]},{"@type":"BreadcrumbList","@id":"https:\/\/kaio-experiences.com\/index.php\/manifesto\/#breadcrumb","itemListElement":[{"@type":"ListItem","position":1,"name":"Accueil","item":"https:\/\/kaio-experiences.com\/"},{"@type":"ListItem","position":2,"name":"Manifesto"}]},{"@type":"WebSite","@id":"https:\/\/kaio-experiences.com\/#website","url":"https:\/\/kaio-experiences.com\/","name":"Kaio Experiences","description":"Sp\u00e9cialiste Bushcraft, Stages de survie, reconnexion nature, micro-aventure, exp\u00e9dition.","potentialAction":[{"@type":"SearchAction","target":{"@type":"EntryPoint","urlTemplate":"https:\/\/kaio-experiences.com\/?s={search_term_string}"},"query-input":{"@type":"PropertyValueSpecification","valueRequired":true,"valueName":"search_term_string"}}],"inLanguage":"fr-FR"}]}},"_links":{"self":[{"href":"https:\/\/kaio-experiences.com\/index.php\/wp-json\/wp\/v2\/pages\/2186","targetHints":{"allow":["GET"]}}],"collection":[{"href":"https:\/\/kaio-experiences.com\/index.php\/wp-json\/wp\/v2\/pages"}],"about":[{"href":"https:\/\/kaio-experiences.com\/index.php\/wp-json\/wp\/v2\/types\/page"}],"author":[{"embeddable":true,"href":"https:\/\/kaio-experiences.com\/index.php\/wp-json\/wp\/v2\/users\/1"}],"replies":[{"embeddable":true,"href":"https:\/\/kaio-experiences.com\/index.php\/wp-json\/wp\/v2\/comments?post=2186"}],"version-history":[{"count":5,"href":"https:\/\/kaio-experiences.com\/index.php\/wp-json\/wp\/v2\/pages\/2186\/revisions"}],"predecessor-version":[{"id":2191,"href":"https:\/\/kaio-experiences.com\/index.php\/wp-json\/wp\/v2\/pages\/2186\/revisions\/2191"}],"wp:attachment":[{"href":"https:\/\/kaio-experiences.com\/index.php\/wp-json\/wp\/v2\/media?parent=2186"}],"curies":[{"name":"wp","href":"https:\/\/api.w.org\/{rel}","templated":true}]}}